{"id":8,"date":"2017-06-07T13:38:09","date_gmt":"2017-06-07T13:38:09","guid":{"rendered":"http:\/\/themirror-photography.de\/?page_id=8"},"modified":"2017-09-09T10:57:37","modified_gmt":"2017-09-09T10:57:37","slug":"blick-in-den-spiegel","status":"publish","type":"page","link":"http:\/\/themirror-photography.de\/","title":{"rendered":"Blick in den Spiegel"},"content":{"rendered":"<p>Was seht Ihr, wenn Ihr in einen Spiegel schaut?<\/p>\n<p>Normalerweise Euch selbst.<\/p>\n<p>Und Euch gef\u00e4llt vermutlich, was Ihr da seht! Oder nicht?<\/p>\n<p>Falls Euch nicht gef\u00e4llt was Ihr da seht, dann glaubt Ihr vermutlich auch, dass Ihr nicht fotogen seid? Dass man keine sch\u00f6nen Bilder von Euch machen kann?<\/p>\n<p>Wetten doch!?<\/p>\n<p>Wenn Euch sowieso schon gef\u00e4llt was Ihr seht, habt Ihr dann vielleicht Euren ganz eigenen Stil und wollt diesen einmal richtig in Szene gesetzt bekommen? Nicht wie im Badezimmerspiegel mit Fliesen im Hintergrund, sondern so, dass alles stimmt?<\/p>\n<p>Kein Problem!<\/p>\n<p>Oder wollt Ihr etwa einmal ganz anders aussehen? Euch verwandeln? So dass nicht einmal Eure Eltern Euch auf den ersten Blick erkennen w\u00fcrden?<\/p>\n<p>Nichts leichter als das!<\/p>\n<p>Ihr wollt etwas Neues ausprobieren? Euch so sehen, wie Ihr Euch noch nie gesehen habt?<\/p>\n<p>Das kriegen wir hin!<\/p>\n<p>Wenn Ihr wollt, werden unsere Kameras euer Spiegel sein und zusammen k\u00f6nnen wir Bilder schaffen, von denen Ihr nie gedacht h\u00e4ttet, dass so etwas m\u00f6glich w\u00e4re.<\/p>\n<p>Wir sind zu Dritt. Zwei Verr\u00fcckte mit Kamera und Blitz und eine Verr\u00fcckte mit F\u00f6n, Schere, Pinsel und Schw\u00e4mmchen.<\/p>\n<p>Traut euch!<\/p>\n","protected":false},"excerpt":{"rendered":"<p>Was seht Ihr, wenn Ihr in einen Spiegel schaut? Normalerweise Euch selbst. Und Euch gef\u00e4llt vermutlich, was Ihr da seht! Oder nicht? Falls Euch nicht gef\u00e4llt was Ihr da seht, dann glaubt Ihr vermutlich auch, dass Ihr nicht fotogen seid? Dass man keine sch\u00f6nen Bilder von Euch machen kann? Wetten doch!? Wenn Euch sowieso schon [&hellip;]<\/p>\n","protected":false},"author":1,"featured_media":0,"parent":0,"menu_order":1,"comment_status":"closed","ping_status":"closed","template":"","meta":[],"_links":{"self":[{"href":"http:\/\/themirror-photography.de\/index.php?rest_route=\/wp\/v2\/pages\/8"}],"collection":[{"href":"http:\/\/themirror-photography.de\/index.php?rest_route=\/wp\/v2\/pages"}],"about":[{"href":"http:\/\/themirror-photography.de\/index.php?rest_route=\/wp\/v2\/types\/page"}],"author":[{"embeddable":true,"href":"http:\/\/themirror-photography.de\/index.php?rest_route=\/wp\/v2\/users\/1"}],"replies":[{"embeddable":true,"href":"http:\/\/themirror-photography.de\/index.php?rest_route=%2Fwp%2Fv2%2Fcomments&post=8"}],"version-history":[{"count":4,"href":"http:\/\/themirror-photography.de\/index.php?rest_route=\/wp\/v2\/pages\/8\/revisions"}],"predecessor-version":[{"id":66,"href":"http:\/\/themirror-photography.de\/index.php?rest_route=\/wp\/v2\/pages\/8\/revisions\/66"}],"wp:attachment":[{"href":"http:\/\/themirror-photography.de\/index.php?rest_route=%2Fwp%2Fv2%2Fmedia&parent=8"}],"curies":[{"name":"wp","href":"https:\/\/api.w.org\/{rel}","templated":true}]}}

<p>Was seht Ihr, wenn Ihr in einen Spiegel schaut?</p>
<p>Normalerweise Euch selbst.</p>
<p>Und Euch gefällt vermutlich, was Ihr da seht! Oder nicht?</p>
<p>Falls Euch nicht gefällt was Ihr da seht, dann glaubt Ihr vermutlich auch, dass Ihr nicht fotogen seid? Dass man keine schönen Bilder von Euch machen kann?</p>
<p>Wetten doch!?</p>
<p>Wenn Euch sowieso schon gefällt was Ihr seht, habt Ihr dann vielleicht Euren ganz eigenen Stil und wollt diesen einmal richtig in Szene gesetzt bekommen? Nicht wie im Badezimmerspiegel mit Fliesen im Hintergrund, sondern so, dass alles stimmt?</p>
<p>Kein Problem!</p>
<p>Oder wollt Ihr etwa einmal ganz anders aussehen? Euch verwandeln? So dass nicht einmal Eure Eltern Euch auf den ersten Blick erkennen würden?</p>
<p>Nichts leichter als das!</p>
<p>Ihr wollt etwas Neues ausprobieren? Euch so sehen, wie Ihr Euch noch nie gesehen habt?</p>
<p>Das kriegen wir hin!</p>
<p>Wenn Ihr wollt, werden unsere Kameras euer Spiegel sein und zusammen können wir Bilder schaffen, von denen Ihr nie gedacht hättet, dass so etwas möglich wäre.</p>
<p>Wir sind zu Dritt. Zwei Verrückte mit Kamera und Blitz und eine Verrückte mit Fön, Schere, Pinsel und Schwämmchen.</p>
<p>Traut euch!</p>

<p>Was seht Ihr, wenn Ihr in einen Spiegel schaut? Normalerweise Euch selbst. Und Euch gefällt vermutlich, was Ihr da seht! Oder nicht? Falls Euch nicht gefällt was Ihr da seht, dann glaubt Ihr vermutlich auch, dass Ihr nicht fotogen seid? Dass man keine schönen Bilder von Euch machen kann? Wetten doch!? Wenn Euch sowieso schon [&hellip;]</p>
